3*t + 11. Let s(v) = 17*v + 574. Let a be s(-33). What is m(a)?
11
Let d(n) be the first derivative of 1/2*n**2 - 10*n + 22. Give d(8).
-2
Let c(k) be the first derivative of k**5/20 - 5*k**4/6 + 11*k**3/6 - 6*k**2 + k - 11. Let l(t) be the first derivative of c(t). Give l(9).
6
Let l be 2/(-11) - 385/(-121). Let k(c) = -3*c + 3 + c**l + 0 - 3*c**3 + 3*c**2. Determine k(2).
-7
Let j(r) = 4*r**3 + 3*r**2 - r - 2. Suppose 3*p = 15, 3*x - 5*p - 3 = -34. What is j(x)?
-20
Let k(a) = -a**3 + 11*a**2 - 10*a + 1. Let c be k(10). Let w(p) = -3*p + 1. Determine w(c).
-2
Let p(d) = d**3 - 7*d**2 + 9*d - 10. Let j(z) = -2*z**3 + 16*z**2 - 19*z + 21. Let h(s) = -6*j(s) - 13*p(s). What is h(-5)?
19
Let z(s) = -45*s - 3*s**2 + s**2 + 1 - 2*s**2 + 41*s - s**3. Give z(-3).
4
Let l(m) = m**3 - 6*m**2 - m - 3. Let k be 18*(6/27 - (-2)/18). Give l(k).
-9
Let t = -6 - 0. Let n(l) = -7*l**3 + 7*l**2 + 12*l + 8. Let u(f) = 8*f**3 - 9*f**2 - 13*f - 9. Let z(h) = -7*n(h) - 6*u(h). Determine z(t).
-2
Let g(d) be the third derivative of -d**5/30 + 5*d**4/24 + 5*d**3 - 18*d**2 - 1. Let a(n) be the first derivative of g(n). Calculate a(4).
-11
Let k = 178 + -183. Let b(w) = w**3 + 4*w**2 - 6*w - 6. Calculate b(k).
-1
Let q = 1597 - 1603. Let h(w) = w**3 + 6*w**2 - 4*w. What is h(q)?
24
Let f(q) be the first derivative of 3/2*q**2 + 15 + 3*q. Calculate f(3).
12
Let f(w) = 516*w**3 - 1106*w**3 + 542*w**3. What is f(1)?
-48
Let n be -3 + (2 + 9 - 5) + -1. Let y(j) be the first derivative of 2*j**3/3 - 2*j**2 + 3*j - 1. What is y(n)?
3
Let v(y) = y - 11. Let t be v(9). Let b(l) = 5*l + 3. What is b(t)?
-7
Let m(j) = j**3 - 10*j**2 + 8*j + 11. Let b be m(9). Suppose -b*v + 2*v = 4*v. Let g(k) = k**2 + 2*k - 2. Calculate g(v).
-2
Let u(l) = -2*l - 9. Suppose -7 - 7 = -q. Suppose 2*r + q = -0*o + 2*o, 5*r = -5*o + 5. Suppose 0 = -6*h + o*h - 12. Give u(h).
3
Let u be 1 + -2 + -5 + 2. Let v(i) be the first derivative of i**4/4 + i**3 - i**2/2 + 4*i - 64. Determine v(u).
-8
Let b = -18 - -21. Let t(a) = a + 5*a**3 + 7*a**2 + 0*a**3 - 1 + 0 - 6*a**3. Let k(y) = -y**3 + 6*y**2 - 2. Let s(q) = -3*k(q) + 2*t(q). Determine s(b).
1
Suppose -7*t - 5*k + 3 = -6*t, 3*k = 4*t - 12. Let w(b) = -b**2 - b + 1. Let r(c) = 6*c**2 + 2*c - 4. Let x(j) = r(j) + 4*w(j). Determine x(t).
12
Let g(j) be the third derivative of j**6/120 - 7*j**5/30 + 7*j**4/12 + 296*j**2. Determine g(13).
13
Suppose 5*y = -5*q + 3*y - 16, -y - 6 = 2*q. Let j(u) = 2*u**2 + 11*u + 9. Determine j(q).
-3
Let f(d) = d + 7. Let h be 3/(152/12 - 13). What is f(h)?
-2
Suppose 0 = -h - 0*h + 4. Suppose 3*v - 7*v + 52 = 0. Suppose -h*g = -5*c + v - 5, 19 = 4*c + g. Let b(z) = 2*z**2 - 6*z + 4. Calculate b(c).
12
Let r(d) be the second derivative of -d**5/60 - d**4/3 - 7*d**3/6 + 3*d**2 - 3*d. Let u(x) be the first derivative of r(x). Give u(-5).
8
Let n(t) = 2 + 5*t - 5*t + 15*t - 2 + 1. Determine n(1).
16
Let m(r) = -170*r**2 - 4*r**3 + 171*r**2 - 4*r**3 - 1. Calculate m(-1).
8
Let m(r) = -2*r - 1. Let x(u) = u + 1. Let g(a) = -3*m(a) - 5*x(a). Suppose 5 = 4*o - 2*p + 43, -25 = -5*p. Give g(o).
-9
Let r(p) = -5*p + 6. Let g(d) = 135*d - 165. Let l(i) = -2*g(i) - 55*r(i). Give l(-1).
-5
Suppose -4*x - 20 = -2*l, 4*l + x - 23 = 17. Let g(y) = l - 2 - 2*y + 3*y. Let r = 0 + -5. Calculate g(r).
3
Let j(i) = 29*i**3 + 2*i**2 - i. Let m be 8*3/24*1. Determine j(m).
30
Let c be (-232)/40 + (-2)/(2 - -8). Let a(s) = 6*s**3 + 5*s - 6. Let k(o) = 6*o**3 + 4*o - 5. Let h(m) = c*k(m) + 5*a(m). What is h(1)?
-5
Let q(o) = -o**2 + o + 176. Let b be q(14). Let p(v) = v**2 + 5*v - 3. Calculate p(b).
3
Let a(u) be the first derivative of u**4/4 + 5*u**3/3 - u**2 - 4*u + 1. Let z(m) = 11 + 2*m + 12 + 2. Let p be z(-15). Calculate a(p).
6
Let z(k) = -k**2 - 6*k + 20. Suppose 3*p - b = -26, b + 4*b - 13 = 2*p. Calculate z(p).
-7
Let i be 4/(0 + 1/(-2)). Let q(h) be the first derivative of -h**6/360 - 7*h**5/120 + h**4/8 - 4*h**3 + 30. Let c(j) be the third derivative of q(j). Give c(i).
-5
Let y(j) = -10*j**2 + 3*j - 5. Suppose -47*b + 96 = b. Calculate y(b).
-39
Suppose -8 = -5*z + 2. Suppose 0 = -2*v - z*v + 16. Let m(c) = -c**2 + 9*c - 6. Calculate m(v).
14
Let m(f) = 2*f - 3. Let o = -204 + 205. Let t(b) = -1. Suppose 4*z + 7 = -9. Let a(x) = o*m(x) + z*t(x). Determine a(-3).
-5
Let r(b) = -b - 8. Let a be (-22)/(-121) - (-136)/(-22). Give r(a).
-2
Let p(z) be the second derivative of -z**2/2 + 74*z. Let w(c) = -6*c + c**3 - 9 - 4*c**2 - c + 3*c. Let t(b) = 6*p(b) - w(b). Determine t(5).
-2
Let a(u) be the first derivative of -u**4/12 - 5*u**3/6 - 2*u**2 - u - 15. Let s(q) be the first derivative of a(q). What is s(-4)?
0
Let d(g) = -g**3 - g**2 - g + 5. Let z be -5 - (-1 - 0) - (-84 - -80). Determine d(z).
5
Let s(j) be the first derivative of -11*j**2/2 - 3*j + 56. What is s(-2)?
19
Let v(c) = 2*c + 2. Let d = -2 - -10. Suppose -h = -z + 8 - 0, -4*z - 4*h - d = 0. What is v(z)?
8
Let k(w) = -7*w. Let c(y) = 8*y + 1. Let o(z) = -5*c(z) - 6*k(z). Determine o(0).
-5
Suppose 2*b + 17 - 47 = 0. Let k be 4/1 + (8 - b). Let w(m) = -4*m + 1. Determine w(k).
13
Let y(s) = -s**3 + 5*s**2 + s + 6. Let z(d) = -d**3 - 7*d**2 - 8*d - 6. Let m be z(-6). Let g = 5 - m. Let l = 6 + g. Determine y(l).
11
Let j(b) be the second derivative of b**3/6 - 11*b**2/2 - 5*b + 13. Suppose 4*y = 6*y + 2. Let o(x) = -8*x**3 + x + 1. Let s be o(y). What is j(s)?
-3
Let w(b) = -11*b - 20. Let v(k) = -4*k + 7 + 3*k + 3*k + 2*k. Let r(a) = 8*v(a) + 3*w(a). Determine r(-4).
0
Let s(f) = 9*f**3 + 2*f**2 - 1. Let m be (-1431)/15 + 4/10. Let q = 96 + m. What is s(q)?
10
Let y = -8 + 12. Let h be 0 + y + (1 - 0). Let z(i) = i**2 - 6*i + 5. Give z(h).
0
Let u(g) be the first derivative of g**4/24 + g**3/2 - 12*g**2 + 29. Let q(r) be the second derivative of u(r). Determine q(0).
3
Let b(g) be the first derivative of -2*g**2 - 26*g - 848. Give b(-5).
-6
Let d(n) = 3*n - 8. Let f(c) = -25*c + 22*c + 6 + 5 - 4. Let m(t) = 5*d(t) + 6*f(t). Give m(4).
-10
Suppose -2*p = -4*p + 8. Let k(j) be the second derivative of -5/6*j**3 + 0 + p*j - 1/2*j**2. Give k(-1).
4
Let r(t) = 2 + 238*t + 5*t**2 + 0*t**2 - 233*t - t**3. Determine r(6).
-4
Let t(q) = 3*q**2 - q - 1. Let w = 10 - 7. Suppose w*v = -v. Suppose -i - 5*h + 27 = v, -7*h = -i - 2*h - 23. Calculate t(i).
9
Let v(d) be the first derivative of -1/3*d**3 - 27 - 5/2*d**2 + 0*d. What is v(-5)?
0
Let p be ((-198)/8)/(-3) + (-47)/188. Let u(b) = -3*b + 21. Calculate u(p).
-3
Let w(r) be the third derivative of -r**4/12 + 7*r**3/6 + 27*r**2 - 2*r. Suppose -3*m - 11 = 4. Determine w(m).
17
Suppose -4*y = -0*y + 8. Let r(q) = q**2 + 5*q. Let u(b) = b**2 + b. Let d(l) = y*u(l) + r(l). Determine d(3).
0
Let b(k) = -6 - k**2 + 3*k + 6. Let a be b(3). Let j(i) be the third derivative of -i**5/60 - i**4/24 + 20*i**2 - 2. Calculate j(a).
0
Let p(h) = -4*h**2 - 29*h - 4. Let i be p(-7). Let r(n) = n - 6. Determine r(i).
-3
Let h(k) = k**3 - 5*k**2 - 7*k + 2. Suppose 0 = 5*c - 2*i + 24, 3*c - 2*i = c - 12. Let m = -195 - -185. Let q be (c/6)/(m/90). Give h(q).
-4
Let w(a) = -7*a**3 + a + 1. Suppose 0*q - 2*q = -8. Suppose 4*d - 4 = q. Let v = -3 + d. Determine w(v).
7
Let l(p) = p**2 + 6*p - 4. Suppose -2*w = -4*s - 60, w + 3*w - 4*s - 120 = 0. Suppose 29*j = w*j + 6. Give l(j).
-4
Let c(q) = 8*q**2 - 9*q + 5. Let w(i) = -17*i**2 + 19*i - 11. Let v(p) = -13*c(p) - 6*w(p). Determine v(-2).
-13
Suppose -l - 8 = -2*l. Let f = l + -6. Let r(g) = 6755 + 6*g - 6754 - 2*g. Give r(f).
9
Let r(g) = 2*g - 2. Let z(d) = -13*d + 28. Let k(v) = 6*r(v) + z(v). Calculate k(6).
10
Let d(l) be the second derivative of l**4/12 + l**3/6 + 5*l. Let n(i) = i + 3. Let u be n(-5). Let y be 0/(2 - (3 - u)). What is d(y)?
0
Let c(g) be the second derivative of 0 + 1/6*g**3 - 9/2*g**2 - 1/12*g**4 - 9*g. Suppose -u = -8*u. Determine c(u).
-9
Suppose 50*s = 54*s. Let r be -5 + (0 - s)*(-6)/12. Let y(k) = k - 3. What is y(r)?
-8
Let j(r) be the second derivative of r**5/20 - r**4/12 - 4*r**2 - 3*r + 2. What is j(2)?
-4
Suppose -35*n + 30*n = s - 5, -2*n - 2*s = -2. Let f(r) = -2 - 8*r**2 + 1 + 9*r**2. Give f(n).
0
Let d(u) = 6*u - 1. Let o(a) = -6*a. Let h(w) = -4*d(w) - 3*o(w). Let z(l) = l - 1. Let g(s) = -h(s) - 5*z(s). What is g(6)?
7
Let c(f) = 39*f**2 + f**3 - 15*f**2